what is -231210130 + -2?
-231210132
In base 3, what is 2011002 - -202?
2011211
In base 2, what is -101001001000010 - -11?
-101001000111111
In base 16, what is -1ba6 + -7?
-1bad
In base 3, what is -1222100 - 1120?
-2000220
In base 11, what is 4 + -357a?
-3576
In base 9, what is 20488 + 17?
20516
In base 2, what is 111 - 1100001000101101?
-1100001000100110
In base 9, what is 1 - 23?
-22
In base 9, what is 45742 + 4?
45746
In base 5, what is 4222324 + -24?
4222300
In base 3, what is -21011 - -101001101?
100210020
In base 16, what is -2 - -3da?
3d8
In base 13, what is -22 + -1952?
-1974
In base 7, what is 30163 + -1?
30162
In base 15, what is 1321 + 243?
1564
In base 10, what is -2112 + -218?
-2330
In base 4, what is 11 - 1021300?
-1021223
In base 6, what is 3034104 + 3?
3034111
In base 8, what is -1551 - -72?
-1457
In base 2, what is 1000001011001 - -100?
1000001011101
In base 10, what is 450 + -111?
339
In base 16, what is -13b - 2c22?
-2d5d
In base 10, what is 12 - 5515?
-5503
In base 16, what is 3 + 10d00f?
10d012
In base 10, what is -5 - 1303?
-1308
In base 12, what is -8544 + 11?
-8533
In base 16, what is -4 + 156ee?
156ea
In base 12, what is 9ab528 + -4?
9ab524
In base 7, what is -10526 - 1010?
-11536
In base 4, what is -21230 - -2131?
-13033
In base 6, what is 30223 - 22?
30201
In base 12, what is a8 + 969?
a55
In base 7, what is -1 - -56151?
56150
In base 13, what is -4 + -10932?
-10936
In base 8, what is -343 + -672?
-1235
In base 7, what is 11420 - 12?
11405
In base 14, what is 64c + -158?
4d4
In base 4, what is 102001 - -331?
102332
In base 2, what is 1100011 - 101100010010?
-101010101111
In base 5, what is 231 + 1230?
2011
In base 11, what is 205a91 - -12?
205aa3
In base 3, what is 0 - 12211010?
-12211010
In base 15, what is 14cda - -1a?
14d05
In base 5, what is -42 + 3401?
3304
In base 8, what is 11 - 172372?
-172361
In base 11, what is 913 - 109a?
-287
In base 8, what is -264052 + 3?
-264047
In base 10, what is 6609 - -55?
6664
In base 6, what is -224 + 12?
-212
In base 5, what is 223 + 4222002?
4222230
In base 6, what is -1 - 21314?
-21315
In base 13, what is 2 + 855?
857
In base 4, what is -21 - -2220111?
2220030
In base 9, what is -152 + -522?
-674
In base 10, what is 5 - -1155?
1160
In base 16, what is 6392f + -3?
6392c
In base 13, what is -53a69 + 5?
-53a64
In base 5, what is -1413 + 2423?
1010
In base 4, what is -123133 + 102002?
-21131
In base 10, what is -5 - 126699?
-126704
In base 8, what is 3000 + 50?
3050
In base 16, what is 2a9eb7 + 1?
2a9eb8
In base 2, what is 111001110000 - -101100?
111010011100
In base 9, what is 11541 - 4?
11536
In base 2, what is -11 + -10101010101001001110?
-10101010101001010001
In base 11, what is 5 - a942?
-a938
In base 2, what is -100011100010100 - 110010?
-100011101000110
In base 14, what is 47 - -4d9?
542
In base 2, what is -100001101 - -1000111110?
100110001
In base 9, what is -1 + -77646?
-77647
In base 7, what is 32135 + 16?
32154
In base 4, what is -2203000133 - 2?
-2203000201
In base 14, what is 3 + 197321?
197324
In base 10, what is -149393 + 1?
-149392
In base 8, what is -413023 - -4?
-413017
In base 12, what is 7a81a2 + -1?
7a81a1
In base 14, what is -7a - -7c?
2
In base 13, what is 277b + 17?
2795
In base 16, what is b4 + -bf?
-b
In base 16, what is -103e0 + 7?
-103d9
In base 16, what is -16f73 - 2?
-16f75
In base 9, what is 27318 - 5?
27313
In base 16, what is 5618 - b?
560d
In base 16, what is 0 + 18b59?
18b59
In base 10, what is -134 - 3?
-137
In base 7, what is -40 + 230312?
230242
In base 12, what is -48 + -1477?
-1503
In base 11, what is -3 + -3740?
-3743
In base 7, what is 14 + -546331?
-546314
In base 5, what is 301 + -1144?
-343
In base 11, what is 0 - 6a9?
-6a9
In base 15, what is 0 - 11dd04?
-11dd04
In base 2, what is 11011000110011 - 1?
11011000110010
In base 14, what is 19 + 417?
432
In base 8, what is -12 + -10064?
-10076
In base 16, what is -770fd - 5?
-77102
In base 6, what is 225 + 4123?
4352
In base 13, what is -1 + -450b?
-450c
In base 7, what is 11602 + 2024?
13626
In base 7, what is -1 + 13455?
13454
In base 14, what is 28 - d687?
-d65d
In base 8, what is 121303 + -1?
121302
In base 3, what is -12221010100 + 0?
-12221010100
In base 2, what is 10011010 + -1110100110000?
-1110010010110
In base 16, what is 1a9 + -436a?
-41c1
In base 15, what is -cc47 - 45?
-cc8c
In base 14, what is -3 - 2423?
-2426
In base 4, what is 11 - 210003012?
-210003001
In base 14, what is -3b3c9 + 3?
-3b3c6
In base 3, what is -11220120 + 102?
-11220011
In base 10, what is 378 + 1242?
1620
In base 14, what is -a0 + -21?
-c1
In base 7, what is -1324052 + 0?
-1324052
In base 16, what is 263c4 - 3?
263c1
In base 9, what is 2 - 15781?
-15778
In base 15, what is 3 + -184d?
-184a
In base 13, what is 2382 - 1aa?
21a5
In base 2, what is -10010010110100 - -1000?
-10010010101100
In base 12, what is -a - -39?
2b
In base 3, what is -10222001102 - 10?
-10222001112
In base 15, what is 1d - -1a834?
1a852
In base 5, what is 42332433 - 13?
42332420
In base 14, what is -78a97 + 1?
-78a96
In base 2, what is 0 - -1100011101111100111?
1100011101111100111
In base 5, what is 13 - -2043131?
2043144
In base 11, what is a + 155aa?
15609
In base 3, what is -1000100112 - 10001?
-1000110120
In base 9, what is -1450127 + 5?
-1450122
In base 12, what is 60b22b + 0?
60b22b
In base 9, what is -6211 + -21?
-6232
In base 2, what is -10010010010001 + 10010?
-10010001111111
In base 15, what is 5 - 31e1?
-31db
In base 2, what is 111 + -10110101000100111?
-10110101000100000
In base 14, what is 1a63 - -4?
1a67
In base 2, what is 1 - 1000101001110111?
-1000101001110110
In base 7, what is -1 - 3203610?
-3203611
In base 3, what is 1002 + -101201020?
-101200011
In base 14, what is -1 + c25a?
c259
In base 13, what is 62a7 - 2?
62a5
In base 5, what is -12110231 - -1?
-12110230
In base 12, what is 6 + -255bb6?
-255bb0
In base 7, what is 125516 + -4?
125512
In base 2, what is -100001100 - -1010011001?
110001101
In base 13, what is 5 - -a9600?
a9605
In base 4, what is -210311 + 1?
-210310
In base 5, what is 12110331 - -20?
12110401
In base 15, what is 1 - -78a?
78b
In base 13, what is -474260 + 2?
-47425b
In base 8, what is 2463 - -1?
2464
In base 5, what is 2030111 - 24?
2030032
In base 11, what is -a1a98 - -4?
-a1a94
In base 14, what is -5 - 14cbc?
-14cc3
In base 7, what is 15165665 - 0?
15165665
In base 9, what is 1 - -217527?
217528
In base 6, what is -1333150 - 12?
-1333202
In base 6, what is 1115 + -12510?
-11351
In base 13, what is -235 - b13?
-1048
In base 8, what is 144012 - -54?
144066
In base 15, what is -1 - 16bb7?
-16bb8
In base 3, what is 10201210 + -101211?
10022222
In base 11, what is -759 - -32?
-727
In base 16, what is -b9e2 - 0?
-b9e2
In base 8, what is -11233 + -4?
-11237
In base 12, what is -2 + -588489?
-58848b
In base 13, what is 1266 + 19a?
1433
In base 4, what is 210033 + -12?
210021
In base 11, what is 1611 - 684?
a38
In base 3, what is 0 + -1021110101002?
-1021110101002
In base 2, what is 1010110110 + -110011?
1010000011
In base 4, what is 130133023 + 2?
130133031
In base 14, what is -3 + -20122?
-20125
In base 7, what is 5 - 3052055?
-3052050
In base 14, what is -56c3 - 14?
-56d7
In base 16, what is -10bb + -34?
-10ef
In base 13, what is -23305 + -1a?
-23322
In base 10, what is 4494 + 0?
4494
In base 10, what is 17 + -3660?
-3643
In base 4, what is -100312 - 22223?
-123201
In base 9, what is -5 - 436887?
-437003
In base 13, what is -1b3 + -8?
-1bb
In base 5, what is 10 - 14023322?
-14023312
In base 14, what is 10 + 922c?
923c
In base 11, what is -a - 4529?
-4538
In base 12, what is -a6b + -2?
-a71
In base 10, what is 6 - -3840?
3846
In base 2, what is -11011001010101 - -1011?
-11011001001010
In base 10, what is 3 - -49105?
49108
In base 10, what is 2783 - -1?
2784
In base 5, what is -2032 + 201322?
144240
In base 12, what is 3 - -3a31?
3a34
In base 13, what is -1a13 - 21?
-1a34
In base 16, what is -4 + f1bd3?
f1bcf
In base 6, what is -2 - -34154100?
34154054
In base 6, what is -4102 + 20305?
12203
In base 8, what is -5272 - -105?
-5165
In base 7, what is 230 + 151?
411
In base 5, what is 3134343 + 0?
3134343
In base 3, what is 2011201220021 - 10?
2011201220011
In base 14, what is -17 + -cb6?
-ccd
In base 4, 